{"id":132,"date":"2023-04-07T14:08:12","date_gmt":"2023-04-07T12:08:12","guid":{"rendered":"http:\/\/www.mbvipstyleservices.hu\/?page_id=132"},"modified":"2023-07-27T20:51:46","modified_gmt":"2023-07-27T18:51:46","slug":"132-2","status":"publish","type":"page","link":"https:\/\/www.mbvipstyleservices.hu\/?page_id=132","title":{"rendered":""},"content":{"rendered":"\n<h2 class=\"wp-block-heading\">Mercedes E-Class<\/h2>\n\n\n\n<p>Az E oszt\u00e1ly a legn\u00e9pszer\u0171bb limuzin, amivel VIP transzfert szolg\u00e1ltatunk vend\u00e9geink r\u00e9sz\u00e9re. Gazdagon felszerelt, k\u00e9nyelmes bels\u0151t\u00e9r p\u00e1ros\u00edtva eleg\u00e1ns id\u0151tlen form\u00e1val garant\u00e1lja az exkluz\u00edv utaz\u00e1st. <\/p>\n\n\n\n<p>G\u00e9pkocsi b\u00e9rl\u00e9s sof\u0151rrel.\u00a0<\/p>\n\n\n\n<p>Budapest Liszt Ferenc Nemzetk\u00f6zi Rep\u00fcl\u0151t\u00e9r &#8211; Budapest belv\u00e1ros <strong>60\u20ac \/ 22 900 Ft<\/strong><br>\u00d3rad\u00edj (<em>min 2 \u00f3ra<\/em>) <strong>35\u20ac \/ 13 000 Ft<\/strong><br>Napid\u00edj <em>&#8217;10 \u00f3ra&#8217;<\/em>  (Budapest ter\u00fclet\u00e9n bel\u00fcl 80 km-ig) <strong>350\u20ac \/ 132 000 Ft <\/strong><br>Budapest-B\u00e9cs <strong>400\u20ac \/ 151 000 Ft<\/strong><br>Budapest-Scwechat Nemzetk\u00f6zi Rep\u00fcl\u0151t\u00e9r <strong>360\u20ac \/ 135 000 Ft<\/strong><br>Budapest-Pozsony <strong>340\u20ac \/ 130 000 Ft<\/strong><\/p>\n\n\n\n<p>\u00c9jszakai fel\u00e1r<strong> +20%<\/strong> (22:00-05:00)<\/p>\n\n\n<div id=\"grid-gallery-2-47957\" data-gg-id=\"2\" data-title=\"E-Class\" data-grid-type=\"2\" data-offset=\"7.3\" data-area-position=\"center\" data-icons=\"\" data-preloader=\"true\" data-width=\"auto\" data-height=\"215\" data-padding=\"0\" data-quicksand=\"disabled\" data-quicksand-duration=\"none\" data-popup-theme=\"theme_6\" data-popup-type=\"pretty-photo\" data-popup-image-text=\"data-description\" data-popup-widthsize=\"auto\" data-popup-heightsize=\"auto\" data-popup-i18n-words=\"{&quot;close&quot;:&quot;close&quot;,&quot;next&quot;:&quot;next&quot;,&quot;previous&quot;:&quot;previous&quot;,&quot;start_slideshow&quot;:&quot;start slideshow&quot;,&quot;stop_slideshow&quot;:&quot;stop slideshow&quot;,&quot;image&quot;:&quot;image&quot;,&quot;of&quot;:&quot;of&quot;,&quot;prev&quot;:&quot;prev&quot;,&quot;cExpand&quot;:&quot;Expand&quot;,&quot;cPrevious&quot;:&quot;Previous&quot;,&quot;cNext&quot;:&quot;Next&quot;,&quot;cExpandStr&quot;:&quot;Expand the image&quot;,&quot;cRotate&quot;:&quot;Rotate&quot;,&quot;cDetails&quot;:&quot;Details&quot;}\" data-popup-slideshow=\"false\" data-popup-slideshow-speed=\"2500\" data-popup-hoverstop=\"true\" data-popup-slideshow-auto=\"false\" data-popup-background=\"\" data-popup-transparency=\"30\" data-popup-disable-history=\"\" data-popup-disable-changed-url=\"\" data-popup-border-type=\"solid\" data-popup-border-color=\"\" data-popup-border-width=\"\" data-popup-border-enable=\"\" data-fullscreen=\"false\" data-hide-tooltip=\"false\" data-caption-font-family=\"Default\" data-caption-text-size=\"140\" data-is-mobile=\"0\" data-caption-mobile=\"false\" data-hide-long-tltp-title=\"1\" data-caption-disabled-on-mobile=\"false\" data-popup-placement-type=\"0\" data-social-sharing=\"{&quot;enabled&quot;:&quot;&quot;,&quot;gallerySharing&quot;:{&quot;enabled&quot;:null,&quot;position&quot;:null},&quot;imageSharing&quot;:{&quot;enabled&quot;:null,&quot;wrapperClass&quot;:&quot; vertical &quot;},&quot;popupSharing&quot;:{&quot;enabled&quot;:null,&quot;wrapperClass&quot;:&quot; vertical &quot;}}\" class=\"grid-gallery grid-gallery-fixed \" style=\" width:10000; height:auto; margin-left:auto; margin-right:auto;position:relative;\"> <div class=\"gallery-loading\"> <div class=\"blocks\"> <div class=\"block\"><\/div> <div class=\"block\"><\/div> <div class=\"block\"><\/div> <div class=\"block\"><\/div> <\/div> <\/div> <div class=\"gallery-sharing-top\" style=\"display:none;\"> <\/div> <div id=\"photos-2\" class=\"grid-gallery-photos\"><FIGURE class=\"grid-gallery-caption\" data-grid-gallery-type=\"center\" data-index=\"0\" style=\"display:none;border-radius:200;; margin:3.65px; height:2150; width:auto;\" ><div class=\"crop\" style=\"\"><img decoding=\"async\" src=\"https:\/\/www.mbvipstyleservices.hu\/wp-content\/uploads\/2023\/06\/0a8dbcf3-3bea-4467-8596-5281f86793c1-287x215.jpg\" class=\"ggImg ggNotInitImg\" alt=\"0a8dbcf3-3bea-4467-8596-5281f86793c1\" data-description=\"0a8dbcf3-3bea-4467-8596-5281f86793c1\" data-caption=\"0a8dbcf3-3bea-4467-8596-5281f86793c1\" data-title=\"0a8dbcf3-3bea-4467-8596-5281f86793c1\" style=\" height:215px; width:auto;\" \/><\/div><FIGCAPTION class=\"\" data-alpha=\"10\" style=\"color:#ffffff; background-color:#3498db; font-size:140; text-align:left; font-family:Default;\" ><div class=\"grid-gallery-figcaption-wrap\" style=\"\"><\/div><\/FIGCAPTION><\/FIGURE><FIGURE class=\"grid-gallery-caption\" data-grid-gallery-type=\"center\" data-index=\"1\" style=\"display:none;border-radius:200;; margin:3.65px; height:2150; width:auto;\" ><div class=\"crop\" style=\"\"><img decoding=\"async\" src=\"https:\/\/www.mbvipstyleservices.hu\/wp-content\/uploads\/2023\/06\/0d4b4692-432e-47f2-89e9-82a295fce538-323x215.jpg\" class=\"ggImg ggNotInitImg\" alt=\"0d4b4692-432e-47f2-89e9-82a295fce538\" data-description=\"0d4b4692-432e-47f2-89e9-82a295fce538\" data-caption=\"0d4b4692-432e-47f2-89e9-82a295fce538\" data-title=\"0d4b4692-432e-47f2-89e9-82a295fce538\" style=\" height:215px; width:auto;\" \/><\/div><FIGCAPTION class=\"\" data-alpha=\"10\" style=\"color:#ffffff; background-color:#3498db; font-size:140; text-align:left; font-family:Default;\" ><div class=\"grid-gallery-figcaption-wrap\" style=\"\"><\/div><\/FIGCAPTION><\/FIGURE><FIGURE class=\"grid-gallery-caption\" data-grid-gallery-type=\"center\" data-index=\"2\" style=\"display:none;border-radius:200;; margin:3.65px; height:2150; width:auto;\" ><div class=\"crop\" style=\"\"><img decoding=\"async\" src=\"https:\/\/www.mbvipstyleservices.hu\/wp-content\/uploads\/2023\/06\/6da1afab-1859-4f82-9852-92a27f73ce0b-287x215.jpg\" class=\"ggImg ggNotInitImg\" alt=\"6da1afab-1859-4f82-9852-92a27f73ce0b\" data-description=\"6da1afab-1859-4f82-9852-92a27f73ce0b\" data-caption=\"6da1afab-1859-4f82-9852-92a27f73ce0b\" data-title=\"6da1afab-1859-4f82-9852-92a27f73ce0b\" style=\" height:215px; width:auto;\" \/><\/div><FIGCAPTION class=\"\" data-alpha=\"10\" style=\"color:#ffffff; background-color:#3498db; font-size:140; text-align:left; font-family:Default;\" ><div class=\"grid-gallery-figcaption-wrap\" style=\"\"><\/div><\/FIGCAPTION><\/FIGURE><FIGURE class=\"grid-gallery-caption\" data-grid-gallery-type=\"center\" data-index=\"3\" style=\"display:none;border-radius:200;; margin:3.65px; height:2150; width:auto;\" ><div class=\"crop\" style=\"\"><img decoding=\"async\" src=\"https:\/\/www.mbvipstyleservices.hu\/wp-content\/uploads\/2023\/06\/33bb6057-2a72-479b-9dcc-f51d0eea7f3f-287x215.jpg\" class=\"ggImg ggNotInitImg\" alt=\"33bb6057-2a72-479b-9dcc-f51d0eea7f3f\" data-description=\"33bb6057-2a72-479b-9dcc-f51d0eea7f3f\" data-caption=\"33bb6057-2a72-479b-9dcc-f51d0eea7f3f\" data-title=\"33bb6057-2a72-479b-9dcc-f51d0eea7f3f\" style=\" height:215px; width:auto;\" \/><\/div><FIGCAPTION class=\"\" data-alpha=\"10\" style=\"color:#ffffff; background-color:#3498db; font-size:140; text-align:left; font-family:Default;\" ><div class=\"grid-gallery-figcaption-wrap\" style=\"\"><\/div><\/FIGCAPTION><\/FIGURE><FIGURE class=\"grid-gallery-caption\" data-grid-gallery-type=\"center\" data-index=\"4\" style=\"display:none;border-radius:200;; margin:3.65px; height:2150; width:auto;\" ><div class=\"crop\" style=\"\"><img decoding=\"async\" src=\"https:\/\/www.mbvipstyleservices.hu\/wp-content\/uploads\/2023\/06\/0374fa8e-36ed-4cdb-9373-58c99ef76e4a-287x215.jpg\" class=\"ggImg ggNotInitImg\" alt=\"0374fa8e-36ed-4cdb-9373-58c99ef76e4a\" data-description=\"0374fa8e-36ed-4cdb-9373-58c99ef76e4a\" data-caption=\"0374fa8e-36ed-4cdb-9373-58c99ef76e4a\" data-title=\"0374fa8e-36ed-4cdb-9373-58c99ef76e4a\" style=\" height:215px; width:auto;\" \/><\/div><FIGCAPTION class=\"\" data-alpha=\"10\" style=\"color:#ffffff; background-color:#3498db; font-size:140; text-align:left; font-family:Default;\" ><div class=\"grid-gallery-figcaption-wrap\" style=\"\"><\/div><\/FIGCAPTION><\/FIGURE><FIGURE class=\"grid-gallery-caption\" data-grid-gallery-type=\"center\" data-index=\"5\" style=\"display:none;border-radius:200;; margin:3.65px; height:2150; width:auto;\" ><div class=\"crop\" style=\"\"><img decoding=\"async\" src=\"https:\/\/www.mbvipstyleservices.hu\/wp-content\/uploads\/2023\/06\/415da66b-06b0-4f43-b3f4-a01e52902edc-287x215.jpg\" class=\"ggImg ggNotInitImg\" alt=\"415da66b-06b0-4f43-b3f4-a01e52902edc\" data-description=\"415da66b-06b0-4f43-b3f4-a01e52902edc\" data-caption=\"415da66b-06b0-4f43-b3f4-a01e52902edc\" data-title=\"415da66b-06b0-4f43-b3f4-a01e52902edc\" style=\" height:215px; width:auto;\" \/><\/div><FIGCAPTION class=\"\" data-alpha=\"10\" style=\"color:#ffffff; background-color:#3498db; font-size:140; text-align:left; font-family:Default;\" ><div class=\"grid-gallery-figcaption-wrap\" style=\"\"><\/div><\/FIGCAPTION><\/FIGURE><FIGURE class=\"grid-gallery-caption\" data-grid-gallery-type=\"center\" data-index=\"6\" style=\"display:none;border-radius:200;; margin:3.65px; height:2150; width:auto;\" ><div class=\"crop\" style=\"\"><img decoding=\"async\" src=\"https:\/\/www.mbvipstyleservices.hu\/wp-content\/uploads\/2023\/06\/9409ba3e-bd4f-42e1-85c0-e1aa7eab6626-287x215.jpg\" class=\"ggImg ggNotInitImg\" alt=\"9409ba3e-bd4f-42e1-85c0-e1aa7eab6626\" data-description=\"9409ba3e-bd4f-42e1-85c0-e1aa7eab6626\" data-caption=\"9409ba3e-bd4f-42e1-85c0-e1aa7eab6626\" data-title=\"9409ba3e-bd4f-42e1-85c0-e1aa7eab6626\" style=\" height:215px; width:auto;\" \/><\/div><FIGCAPTION class=\"\" data-alpha=\"10\" style=\"color:#ffffff; background-color:#3498db; font-size:140; text-align:left; font-family:Default;\" ><div class=\"grid-gallery-figcaption-wrap\" style=\"\"><\/div><\/FIGCAPTION><\/FIGURE><FIGURE class=\"grid-gallery-caption\" data-grid-gallery-type=\"center\" data-index=\"7\" style=\"display:none;border-radius:200;; margin:3.65px; height:2150; width:auto;\" ><div class=\"crop\" style=\"\"><img decoding=\"async\" src=\"https:\/\/www.mbvipstyleservices.hu\/wp-content\/uploads\/2023\/06\/fae60eea-ecbf-489b-9011-3ad01bdbee9d-287x215.jpg\" class=\"ggImg ggNotInitImg\" alt=\"fae60eea-ecbf-489b-9011-3ad01bdbee9d\" data-description=\"fae60eea-ecbf-489b-9011-3ad01bdbee9d\" data-caption=\"fae60eea-ecbf-489b-9011-3ad01bdbee9d\" data-title=\"fae60eea-ecbf-489b-9011-3ad01bdbee9d\" style=\" height:215px; width:auto;\" \/><\/div><FIGCAPTION class=\"\" data-alpha=\"10\" style=\"color:#ffffff; background-color:#3498db; font-size:140; text-align:left; font-family:Default;\" ><div class=\"grid-gallery-figcaption-wrap\" style=\"\"><\/div><\/FIGCAPTION><\/FIGURE> <div class=\"grid-gallery-clearfix\"><\/div> <\/div> <div class=\"gallery-sharing-bottom\" style=\"display:none;\"> <\/div> <div class=\"gallery-sharing-image\" style=\"display:none;\"> <\/div> <div class=\"gallery-sharing-popup\" style=\"display:none;\"> <\/div> <div class=\"grid-gallery-clearfix\"><\/div> <\/div> <!-- Gallery by Supsystic plugin1.16.0 --><a title=\"WordPress Gallery Plugin\" style=\"display:none;\" href=\"https:\/\/supsystic.com\/plugins\/photo-gallery\/?utm_medium=love_link\" target=\"_blank\">WordPress Gallery Plugin<\/a>\n","protected":false},"excerpt":{"rendered":"<p>Mercedes E-Class Az E oszt\u00e1ly a legn\u00e9pszer\u0171bb limuzin, amivel VIP transzfert szolg\u00e1ltatunk vend\u00e9geink r\u00e9sz\u00e9re. Gazdagon felszerelt, k\u00e9nyelmes bels\u0151t\u00e9r p\u00e1ros\u00edtva eleg\u00e1ns<\/p>\n<p><a href=\"https:\/\/www.mbvipstyleservices.hu\/?page_id=132\" class=\"more-link\">Continue reading<span class=\"screen-reader-text\"><\/span><\/a><\/p>\n","protected":false},"author":1,"featured_media":0,"parent":0,"menu_order":0,"comment_status":"closed","ping_status":"closed","template":"","meta":{"_monsterinsights_skip_tracking":false,"_monsterinsights_sitenote_active":false,"_monsterinsights_sitenote_note":"","_monsterinsights_sitenote_category":0,"footnotes":""},"class_list":["post-132","page","type-page","status-publish","hentry"],"a3_pvc":{"activated":false,"total_views":0,"today_views":0},"_links":{"self":[{"href":"https:\/\/www.mbvipstyleservices.hu\/index.php?rest_route=\/wp\/v2\/pages\/132","targetHints":{"allow":["GET"]}}],"collection":[{"href":"https:\/\/www.mbvipstyleservices.hu\/index.php?rest_route=\/wp\/v2\/pages"}],"about":[{"href":"https:\/\/www.mbvipstyleservices.hu\/index.php?rest_route=\/wp\/v2\/types\/page"}],"author":[{"embeddable":true,"href":"https:\/\/www.mbvipstyleservices.hu\/index.php?rest_route=\/wp\/v2\/users\/1"}],"replies":[{"embeddable":true,"href":"https:\/\/www.mbvipstyleservices.hu\/index.php?rest_route=%2Fwp%2Fv2%2Fcomments&post=132"}],"version-history":[{"count":6,"href":"https:\/\/www.mbvipstyleservices.hu\/index.php?rest_route=\/wp\/v2\/pages\/132\/revisions"}],"predecessor-version":[{"id":371,"href":"https:\/\/www.mbvipstyleservices.hu\/index.php?rest_route=\/wp\/v2\/pages\/132\/revisions\/371"}],"wp:attachment":[{"href":"https:\/\/www.mbvipstyleservices.hu\/index.php?rest_route=%2Fwp%2Fv2%2Fmedia&parent=132"}],"curies":[{"name":"wp","href":"https:\/\/api.w.org\/{rel}","templated":true}]}}